{"id":13348,"date":"2025-09-10T11:43:57","date_gmt":"2025-09-10T09:43:57","guid":{"rendered":"https:\/\/www.kohlverlag.de\/themen\/?page_id=13348"},"modified":"2025-11-05T10:11:16","modified_gmt":"2025-11-05T09:11:16","slug":"differenzierung-fuer-erdkunde-politik","status":"publish","type":"page","link":"https:\/\/www.kohlverlag.de\/themen\/differenzierung-im-unterricht\/differenzierung-fuer-erdkunde-politik\/","title":{"rendered":"Differenzierung f\u00fcr Erdkunde &amp; Politik"},"content":{"rendered":"\n<div class=\"section-main gb-element-fc48e669\">\n<div class=\"container-main width-main\">\n<div class=\"container-flex gb-element-ee77c04b\">\n<div class=\"col-70\">\n<p class=\"gb-text gb-text-3409c613\">Redaktionelle Auswahl zum Thema:<\/p>\n\n\n\n<h2 id=\"differenzierung-fuer-erdkunde-amp-politik-in-der-grundschule\" class=\"gb-text mb-2rem\">Differenzierung f\u00fcr Erdkunde &amp; Politik <br><mark style=\"background-color:rgba(0, 0, 0, 0)\" class=\"has-inline-color has-brand-primary-color\">in der Grundschule<\/mark><\/h2>\n\n\n\n<div class=\"mb-4rem gb-element-5a454fd0\">\n<p class=\"gb-text-efbeb463\"><span class=\"gb-shape\"><svg aria-hidden=\"true\" role=\"img\" height=\"1em\" width=\"1em\" viewBox=\"0 0 448 512\" xmlns=\"http:\/\/www.w3.org\/2000\/svg\"><path fill=\"currentColor\" d=\"M400 480H48c-26.51 0-48-21.49-48-48V80c0-26.51 21.49-48 48-48h352c26.51 0 48 21.49 48 48v352c0 26.51-21.49 48-48 48zm-204.686-98.059l184-184c6.248-6.248 6.248-16.379 0-22.627l-22.627-22.627c-6.248-6.248-16.379-6.249-22.628 0L184 302.745l-70.059-70.059c-6.248-6.248-16.379-6.248-22.628 0l-22.627 22.627c-6.248 6.248-6.248 16.379 0 22.627l104 104c6.249 6.25 16.379 6.25 22.628.001z\"><\/path><\/svg><\/span><span class=\"gb-text\">Kindgerechte Materialien zu Kontinenten, L\u00e4ndern und Lebensr\u00e4umen<\/span><\/p>\n\n\n\n<p class=\"gb-text-766250ea\"><span class=\"gb-shape\"><svg aria-hidden=\"true\" role=\"img\" height=\"1em\" width=\"1em\" viewBox=\"0 0 448 512\" xmlns=\"http:\/\/www.w3.org\/2000\/svg\"><path fill=\"currentColor\" d=\"M400 480H48c-26.51 0-48-21.49-48-48V80c0-26.51 21.49-48 48-48h352c26.51 0 48 21.49 48 48v352c0 26.51-21.49 48-48 48zm-204.686-98.059l184-184c6.248-6.248 6.248-16.379 0-22.627l-22.627-22.627c-6.248-6.248-16.379-6.249-22.628 0L184 302.745l-70.059-70.059c-6.248-6.248-16.379-6.248-22.628 0l-22.627 22.627c-6.248 6.248-6.248 16.379 0 22.627l104 104c6.249 6.25 16.379 6.25 22.628.001z\"><\/path><\/svg><\/span><span class=\"gb-text\">Anschauliche Karten und bildgest\u00fctzte \u00dcbungen<\/span><\/p>\n\n\n\n<p class=\"gb-text-579a2e58\"><span class=\"gb-shape\"><svg aria-hidden=\"true\" role=\"img\" height=\"1em\" width=\"1em\" viewBox=\"0 0 448 512\" xmlns=\"http:\/\/www.w3.org\/2000\/svg\"><path fill=\"currentColor\" d=\"M400 480H48c-26.51 0-48-21.49-48-48V80c0-26.51 21.49-48 48-48h352c26.51 0 48 21.49 48 48v352c0 26.51-21.49 48-48 48zm-204.686-98.059l184-184c6.248-6.248 6.248-16.379 0-22.627l-22.627-22.627c-6.248-6.248-16.379-6.249-22.628 0L184 302.745l-70.059-70.059c-6.248-6.248-16.379-6.248-22.628 0l-22.627 22.627c-6.248 6.248-6.248 16.379 0 22.627l104 104c6.249 6.25 16.379 6.25 22.628.001z\"><\/path><\/svg><\/span><span class=\"gb-text\">Aufgaben auf verschiedenen Niveaustufen \u2013 von Zuordnungen bis zu ersten Rechercheauftr\u00e4gen<\/span><\/p>\n\n\n\n<p class=\"gb-text-511f0ca8\"><span class=\"gb-shape\"><svg aria-hidden=\"true\" role=\"img\" height=\"1em\" width=\"1em\" viewBox=\"0 0 448 512\" xmlns=\"http:\/\/www.w3.org\/2000\/svg\"><path fill=\"currentColor\" d=\"M400 480H48c-26.51 0-48-21.49-48-48V80c0-26.51 21.49-48 48-48h352c26.51 0 48 21.49 48 48v352c0 26.51-21.49 48-48 48zm-204.686-98.059l184-184c6.248-6.248 6.248-16.379 0-22.627l-22.627-22.627c-6.248-6.248-16.379-6.249-22.628 0L184 302.745l-70.059-70.059c-6.248-6.248-16.379-6.248-22.628 0l-22.627 22.627c-6.248 6.248-6.248 16.379 0 22.627l104 104c6.249 6.25 16.379 6.25 22.628.001z\"><\/path><\/svg><\/span><span class=\"gb-text\">F\u00f6rderung von Neugier und Alltagsbezug<\/span><\/p>\n<\/div>\n<\/div>\n\n\n\n<div class=\"col-30 gb-element-438b359d\">\n<img loading=\"lazy\" decoding=\"async\" width=\"476\" height=\"700\" class=\"gb-media-2dee19b7\" alt=\"\" src=\"https:\/\/www.kohlverlag.de\/themen\/wp-content\/uploads\/2025\/07\/portrait26.webp\" title=\"portrait26\" srcset=\"https:\/\/www.kohlverlag.de\/themen\/wp-content\/uploads\/2025\/07\/portrait26.webp 476w, https:\/\/www.kohlverlag.de\/themen\/wp-content\/uploads\/2025\/07\/portrait26-204x300.webp 204w\" sizes=\"auto, (max-width: 476px) 100vw, 476px\" \/>\n<\/div>\n<\/div>\n\n\n\n<div class=\"box-padding-40 border-radius mb-4rem gb-element-b013640f\">\n<div class=\"container-flex gb-element-c6463f29\">\n<div class=\"col-25 box-padding-20 border-radius verlauf-rot gb-element-d2426585\">\n<p class=\"gb-text font-h3 gb-text-531bcf98\">Von der Redaktion empfohlen<\/p>\n<\/div>\n\n\n\n<div class=\"col-75 gb-element-134ac143\">\n<div><div class=\"gb-looper-08c98a5a\">\n<div class=\"gb-loop-item border-radius box-padding-20 gb-loop-item-1419745b post-12092 produkt type-produkt status-publish has-post-thumbnail hentry artikelnummer-p11968 fach-erdkunde fach-sachunterricht klasse-klasse-3 klasse-klasse-4 schulform-foerderschule schulform-grundschule thema-aufgabenkarten thema-bundeslaender thema-deutschland thema-differenzierung thema-fluesse thema-hauptstaedte thema-heimatkunde thema-selbstlernzeit\">\n\n<\/div>\n\n<div class=\"gb-loop-item border-radius box-padding-20 gb-loop-item-1419745b post-13248 produkt type-produkt status-publish has-post-thumbnail hentry artikelnummer-p12701 fach-erdkunde fach-sachunterricht klasse-klasse-3 klasse-klasse-4 schulform-foerderschule schulform-grundschule thema-aufgabenkarten thema-differenzierung thema-fauna thema-flora thema-lebensraeume thema-selbstlernzeit\">\n\n<\/div>\n<\/div><\/div>\n<\/div>\n<\/div>\n<\/div>\n\n\n\n<div class=\"box-padding-40 border-radius mb-4rem gb-element-03537106\">\n<div class=\"container-flex gb-element-91ca91bd\">\n<div class=\"col-70\">\n<div><div class=\"gb-looper-d4e3809d\">\n<div class=\"gb-loop-item border-radius box-padding-20 gb-loop-item-ed82c815 post-12379 produkt type-produkt status-publish has-post-thumbnail hentry artikelnummer-p11969 fach-erdkunde fach-sachunterricht klasse-klasse-3 klasse-klasse-4 schulform-foerderschule schulform-grundschule thema-aufgabenkarten thema-differenzierung thema-europa thema-fluesse thema-hauptstaedte thema-heimatkunde thema-selbstlernzeit\">\n\n<\/div>\n\n<div class=\"gb-loop-item border-radius box-padding-20 gb-loop-item-ed82c815 post-12282 produkt type-produkt status-publish has-post-thumbnail hentry artikelnummer-p12325 fach-erdkunde fach-sachunterricht klasse-klasse-3 klasse-klasse-4 schulform-grundschule thema-aufgabenkarten thema-differenzierung thema-erde thema-kontinente thema-selbstlernzeit\">\n\n<\/div>\n<\/div><\/div>\n<\/div>\n\n\n\n<div class=\"col-25 box-padding-20 border-radius border-dotted gb-element-c9c15f40\">\n<p class=\"gb-text font-h3 gb-text-d1a4dd32\">Beliebte Produkte<\/p>\n\n\n\n<a class=\"gb-text button-primary gb-text-470f4b9f\" href=\"\/grundschule\/?order=topseller&#038;p=1&#038;properties=9418c39fbab3423dbddf01011160fb09%7C053e5787b1fb4f928aedb8efc563f4b8\">Alle Produkte<\/a>\n<\/div>\n<\/div>\n<\/div>\n\n\n\n<div class=\"box-padding-40 border-radius mb-4rem gb-element-60df2682\">\n<div class=\"container-flex gb-element-2b660aa8\">\n<div class=\"col-70 gb-element-8e56ec55\">\n<div><div class=\"gb-looper-b08f3798\">\n<div class=\"gb-loop-item border-radius box-padding-20 gb-loop-item-8c8389ce post-12736 produkt type-produkt status-publish has-post-thumbnail hentry artikelnummer-p12893 fach-sachunterricht klasse-klasse-2 klasse-klasse-3 klasse-klasse-4 schulform-foerderschule schulform-grundschule thema-gewitter thema-jahreszeiten thema-meteorologie thema-orkan thema-regen thema-regenwolken thema-sturm thema-wetter thema-wetterbericht thema-wettervorhersage thema-wind thema-wolken\">\n\n<\/div>\n\n<div class=\"gb-loop-item border-radius box-padding-20 gb-loop-item-8c8389ce post-10999 produkt type-produkt status-publish has-post-thumbnail hentry artikelnummer-p12888 fach-erdkunde fach-sachunterricht klasse-klasse-3 klasse-klasse-4 schulform-foerderschule schulform-grundschule thema-aufgabenkarten thema-differenzierung thema-selbstlernzeit thema-trinkwasser thema-wasserkreislauf thema-wetter\">\n\n<\/div>\n\n<div class=\"gb-loop-item border-radius box-padding-20 gb-loop-item-8c8389ce post-11064 produkt type-produkt status-publish has-post-thumbnail hentry artikelnummer-p13125 fach-erdkunde klasse-klasse-10 klasse-klasse-3 klasse-klasse-4 klasse-klasse-5 klasse-klasse-6 klasse-klasse-7 klasse-klasse-8 klasse-klasse-9 schulform-foerderschule schulform-grundschule schulform-sekundarstufe-i thema-balkan thema-europa thema-foerdermaterial thema-inklusion thema-osteuropa thema-russland thema-ukraine\">\n\n<\/div>\n<\/div><\/div>\n<\/div>\n\n\n\n<div class=\"col-25 box-padding-20 border-radius border-dotted gb-element-d9223b46\">\n<p class=\"gb-text font-h3 gb-text-8c982efe\">Neuheiten<\/p>\n\n\n\n<a class=\"gb-text button-primary gb-text-cce460f5\" href=\"\/grundschule\/?order=neuheiten&#038;p=1&#038;properties=9418c39fbab3423dbddf01011160fb09%7C053e5787b1fb4f928aedb8efc563f4b8\">Alle Produkte<\/a>\n<\/div>\n<\/div>\n<\/div>\n<\/div>\n<\/div>\n\n\n\n<div class=\"section-main gb-element-243bfbd3\">\n<div class=\"container-main width-main\">\n<div class=\"container-flex gb-element-1227fa15\">\n<div class=\"col-70\">\n<p class=\"gb-text gb-text-e31e15e2\">Redaktionelle Auswahl zum Thema:<\/p>\n\n\n\n<h2 id=\"differenzierung-fuer-erdkunde-amp-politik-in-der-sekundarstufe\" class=\"gb-text mb-2rem\">Differenzierung f\u00fcr Erdkunde &amp; Politik <br><mark style=\"background-color:rgba(0, 0, 0, 0)\" class=\"has-inline-color has-brand-primary-color\">in der Sekundarstufe<\/mark><\/h2>\n\n\n\n<div class=\"mb-4rem gb-element-6d78d06d\">\n<p class=\"gb-text-97e2cb57\"><span class=\"gb-shape\"><svg aria-hidden=\"true\" role=\"img\" height=\"1em\" width=\"1em\" viewBox=\"0 0 448 512\" xmlns=\"http:\/\/www.w3.org\/2000\/svg\"><path fill=\"currentColor\" d=\"M400 480H48c-26.51 0-48-21.49-48-48V80c0-26.51 21.49-48 48-48h352c26.51 0 48 21.49 48 48v352c0 26.51-21.49 48-48 48zm-204.686-98.059l184-184c6.248-6.248 6.248-16.379 0-22.627l-22.627-22.627c-6.248-6.248-16.379-6.249-22.628 0L184 302.745l-70.059-70.059c-6.248-6.248-16.379-6.248-22.628 0l-22.627 22.627c-6.248 6.248-6.248 16.379 0 22.627l104 104c6.249 6.25 16.379 6.25 22.628.001z\"><\/path><\/svg><\/span><span class=\"gb-text\">Bildgest\u00fctzte Arbeitsbl\u00e4tter f\u00fcr ein leichteres Verst\u00e4ndnis<\/span><\/p>\n\n\n\n<p class=\"gb-text-09977084\"><span class=\"gb-shape\"><svg aria-hidden=\"true\" role=\"img\" height=\"1em\" width=\"1em\" viewBox=\"0 0 448 512\" xmlns=\"http:\/\/www.w3.org\/2000\/svg\"><path fill=\"currentColor\" d=\"M400 480H48c-26.51 0-48-21.49-48-48V80c0-26.51 21.49-48 48-48h352c26.51 0 48 21.49 48 48v352c0 26.51-21.49 48-48 48zm-204.686-98.059l184-184c6.248-6.248 6.248-16.379 0-22.627l-22.627-22.627c-6.248-6.248-16.379-6.249-22.628 0L184 302.745l-70.059-70.059c-6.248-6.248-16.379-6.248-22.628 0l-22.627 22.627c-6.248 6.248-6.248 16.379 0 22.627l104 104c6.249 6.25 16.379 6.25 22.628.001z\"><\/path><\/svg><\/span><span class=\"gb-text\">Aufgaben in unterschiedlichen Schwierigkeitsstufen f\u00fcr individuelles Lernen<\/span><\/p>\n\n\n\n<p class=\"gb-text-416c49a4\"><span class=\"gb-shape\"><svg aria-hidden=\"true\" role=\"img\" height=\"1em\" width=\"1em\" viewBox=\"0 0 448 512\" xmlns=\"http:\/\/www.w3.org\/2000\/svg\"><path fill=\"currentColor\" d=\"M400 480H48c-26.51 0-48-21.49-48-48V80c0-26.51 21.49-48 48-48h352c26.51 0 48 21.49 48 48v352c0 26.51-21.49 48-48 48zm-204.686-98.059l184-184c6.248-6.248 6.248-16.379 0-22.627l-22.627-22.627c-6.248-6.248-16.379-6.249-22.628 0L184 302.745l-70.059-70.059c-6.248-6.248-16.379-6.248-22.628 0l-22.627 22.627c-6.248 6.248-6.248 16.379 0 22.627l104 104c6.249 6.25 16.379 6.25 22.628.001z\"><\/path><\/svg><\/span><span class=\"gb-text\">F\u00f6rderung von Meinungsbildung und sozialem Miteinander<\/span><\/p>\n\n\n\n<p class=\"gb-text-9e377c8e\"><span class=\"gb-shape\"><svg aria-hidden=\"true\" role=\"img\" height=\"1em\" width=\"1em\" viewBox=\"0 0 448 512\" xmlns=\"http:\/\/www.w3.org\/2000\/svg\"><path fill=\"currentColor\" d=\"M400 480H48c-26.51 0-48-21.49-48-48V80c0-26.51 21.49-48 48-48h352c26.51 0 48 21.49 48 48v352c0 26.51-21.49 48-48 48zm-204.686-98.059l184-184c6.248-6.248 6.248-16.379 0-22.627l-22.627-22.627c-6.248-6.248-16.379-6.249-22.628 0L184 302.745l-70.059-70.059c-6.248-6.248-16.379-6.248-22.628 0l-22.627 22.627c-6.248 6.248-6.248 16.379 0 22.627l104 104c6.249 6.25 16.379 6.25 22.628.001z\"><\/path><\/svg><\/span><span class=\"gb-text\">Materialien f\u00fcr Basiswissen und vertiefende Diskussionen<\/span><\/p>\n<\/div>\n<\/div>\n\n\n\n<div class=\"col-30 gb-element-b86eebbb\">\n<img loading=\"lazy\" decoding=\"async\" width=\"476\" height=\"700\" class=\"gb-media-d8666b60\" alt=\"\" src=\"https:\/\/www.kohlverlag.de\/themen\/wp-content\/uploads\/2025\/07\/portrait22.webp\" title=\"portrait22\" srcset=\"https:\/\/www.kohlverlag.de\/themen\/wp-content\/uploads\/2025\/07\/portrait22.webp 476w, https:\/\/www.kohlverlag.de\/themen\/wp-content\/uploads\/2025\/07\/portrait22-204x300.webp 204w\" sizes=\"auto, (max-width: 476px) 100vw, 476px\" \/>\n<\/div>\n<\/div>\n\n\n\n<div class=\"box-padding-40 border-radius mb-4rem gb-element-0a17e12e\">\n<div class=\"container-flex gb-element-24ba2877\">\n<div class=\"col-25 box-padding-20 border-radius verlauf-rot gb-element-f01cfc3d\">\n<p class=\"gb-text font-h3 gb-text-f7e62dde\">Von der Redaktion empfohlen<\/p>\n<\/div>\n\n\n\n<div class=\"col-75 gb-element-bc0d0848\">\n<div><div class=\"gb-looper-ed8cf971\">\n<div class=\"gb-loop-item border-radius box-padding-20 gb-loop-item-005c7ec4 post-12298 produkt type-produkt status-publish has-post-thumbnail hentry artikelnummer-p12332 fach-erdkunde klasse-klasse-10 klasse-klasse-7 klasse-klasse-8 klasse-klasse-9 schulform-sekundarstufe-i thema-aufgabenkarten thema-differenzierung thema-kontinente thema-plattentektonik thema-selbstlernzeit thema-selbststaendiges-arbeiten\">\n\n<\/div>\n\n<div class=\"gb-loop-item border-radius box-padding-20 gb-loop-item-005c7ec4 post-12941 produkt type-produkt status-publish has-post-thumbnail hentry artikelnummer-p12023 fach-politik klasse-klasse-7 klasse-klasse-8 schulform-sekundarstufe-i thema-aufgabenkarten thema-bundestagswahl thema-demokratie thema-differenzierung thema-gesellschaft thema-gesetze thema-selbstlernzeit thema-staatsaufbau thema-staatsformen thema-wahlen\">\n\n<\/div>\n\n<div class=\"gb-loop-item border-radius box-padding-20 gb-loop-item-005c7ec4 post-13003 produkt type-produkt status-publish has-post-thumbnail hentry artikelnummer-p12024 fach-politik klasse-klasse-10 klasse-klasse-9 schulform-sekundarstufe-i thema-aufgabenkarten thema-differenzierung thema-europaeische-union thema-gesellschaft thema-globalisierung thema-menschenrechte thema-nato thema-selbstlernzeit thema-soziale-marktwirtschaft\">\n\n<\/div>\n<\/div><\/div>\n<\/div>\n<\/div>\n<\/div>\n\n\n\n<div class=\"box-padding-40 border-radius mb-4rem gb-element-37d6b5fa\">\n<div class=\"container-flex mb-4rem gb-element-9a52df99\">\n<div class=\"col-75\">\n<div><div class=\"gb-looper-b1e646ee\">\n<div class=\"gb-loop-item border-radius box-padding-20 gb-loop-item-77e7134e post-12472 produkt type-produkt status-publish has-post-thumbnail hentry artikelnummer-p12536 fach-erdkunde fach-politik klasse-klasse-10 klasse-klasse-5 klasse-klasse-6 klasse-klasse-7 klasse-klasse-8 klasse-klasse-9 schulform-sekundarstufe-i thema-aufgabenkarten thema-differenzierung thema-europaeische-union thema-selbstlernzeit thema-selbststaendiges-arbeiten\">\n\n<\/div>\n\n<div class=\"gb-loop-item border-radius box-padding-20 gb-loop-item-77e7134e post-12779 produkt type-produkt status-publish has-post-thumbnail hentry artikelnummer-p12328 fach-erdkunde klasse-klasse-5 klasse-klasse-6 schulform-sekundarstufe-i thema-aufgabenkarten thema-deutschland thema-differenzierung thema-europaeische-union thema-fluesse thema-gebirge thema-selbstlernzeit thema-selbststaendiges-arbeiten\">\n\n<\/div>\n\n<div class=\"gb-loop-item border-radius box-padding-20 gb-loop-item-77e7134e post-12129 produkt type-produkt status-publish has-post-thumbnail hentry artikelnummer-p12535 fach-erdkunde klasse-klasse-10 klasse-klasse-5 klasse-klasse-6 klasse-klasse-7 klasse-klasse-8 klasse-klasse-9 schulform-sekundarstufe-i thema-aufgabenkarten thema-differenzierung thema-europa thema-laender thema-selbstlernzeit thema-selbststaendiges-arbeiten\">\n\n<\/div>\n<\/div><\/div>\n<\/div>\n\n\n\n<div class=\"col-25 box-padding-20 border-radius border-dotted gb-element-5e105d44\">\n<p class=\"gb-text font-h3 gb-text-df2eab3c\">Beliebte Produkte<\/p>\n\n\n\n<a class=\"gb-text button-primary gb-text-8c210008\" href=\"\/sekundarstufe\/?order=topseller&#038;p=1&#038;properties=9418c39fbab3423dbddf01011160fb09%7C261c3ee35da6479288eccaea1d204a81%7C053e5787b1fb4f928aedb8efc563f4b8\">Alle Produkte<\/a>\n<\/div>\n<\/div>\n<\/div>\n\n\n\n<div class=\"box-padding-40 border-radius mb-4rem gb-element-fe2509ad\">\n<div class=\"container-flex mb-4rem gb-element-3dbd0a10\">\n<div class=\"col-75 gb-element-ea497a6f\">\n<div><div class=\"gb-looper-4d132a9b\">\n<div class=\"gb-loop-item border-radius box-padding-20 gb-loop-item-2ec564ce post-10933 produkt type-produkt status-publish has-post-thumbnail hentry artikelnummer-p13038 fach-politik klasse-klasse-10 klasse-klasse-3 klasse-klasse-4 klasse-klasse-5 klasse-klasse-6 klasse-klasse-7 klasse-klasse-8 klasse-klasse-9 schulform-foerderschule schulform-grundschule schulform-sekundarstufe-i thema-foerdermaterial thema-inklusion thema-kreistag thema-parteien thema-politik thema-regierung thema-verfassung\">\n\n<\/div>\n\n<div class=\"gb-loop-item border-radius box-padding-20 gb-loop-item-2ec564ce post-11702 produkt type-produkt status-publish has-post-thumbnail hentry artikelnummer-p12948 fach-biologie fach-erdkunde klasse-klasse-10 klasse-klasse-5 klasse-klasse-6 klasse-klasse-7 klasse-klasse-8 klasse-klasse-9 schulform-foerderschule schulform-sekundarstufe-i thema-aufgabenkarten thema-differenzierung thema-gemaessigte-zone thema-klima thema-klimadiagramme thema-klimazonen thema-polargebiet thema-selbstlernzeit thema-selbststaendiges-arbeiten thema-subtropen thema-tropen\">\n\n<\/div>\n\n<div class=\"gb-loop-item border-radius box-padding-20 gb-loop-item-2ec564ce post-11261 produkt type-produkt status-publish has-post-thumbnail hentry artikelnummer-p12771 fach-erdkunde klasse-klasse-10 klasse-klasse-5 klasse-klasse-6 klasse-klasse-7 klasse-klasse-8 klasse-klasse-9 schulform-sekundarstufe-i thema-afrika thema-aufgabenkarten thema-differenzierung thema-laender thema-selbstlernzeit thema-selbststaendiges-arbeiten\">\n\n<\/div>\n<\/div><\/div>\n<\/div>\n\n\n\n<div class=\"col-25 box-padding-20 border-radius border-dotted gb-element-14f6315d\">\n<p class=\"gb-text font-h3 gb-text-637d915a\">Neuheiten<\/p>\n\n\n\n<a class=\"gb-text button-primary gb-text-7ccdb2cf\" href=\"\/sekundarstufe\/?order=neuheiten&#038;p=1&#038;properties=9418c39fbab3423dbddf01011160fb09%7C261c3ee35da6479288eccaea1d204a81%7C053e5787b1fb4f928aedb8efc563f4b8\">Alle Produkte<\/a>\n<\/div>\n<\/div>\n<\/div>\n<\/div>\n<\/div>\n","protected":false},"excerpt":{"rendered":"<p>Redaktionelle Auswahl zum Thema: Differenzierung f\u00fcr Erdkunde &amp; Politik in der Grundschule Kindgerechte Materialien zu Kontinenten, L\u00e4ndern und Lebensr\u00e4umen Anschauliche Karten und bildgest\u00fctzte \u00dcbungen Aufgaben auf verschiedenen Niveaustufen \u2013 von Zuordnungen bis zu ersten Rechercheauftr\u00e4gen F\u00f6rderung von Neugier und Alltagsbezug Von der Redaktion empfohlen Beliebte Produkte Alle Produkte Neuheiten Alle Produkte Redaktionelle Auswahl zum Thema: &#8230; <a title=\"Differenzierung f\u00fcr Erdkunde &amp; Politik\" class=\"read-more\" href=\"https:\/\/www.kohlverlag.de\/themen\/differenzierung-im-unterricht\/differenzierung-fuer-erdkunde-politik\/\" aria-label=\"Mehr Informationen \u00fcber Differenzierung f\u00fcr Erdkunde &amp; Politik\">Weiterlesen<\/a><\/p>\n","protected":false},"author":1,"featured_media":10148,"parent":10714,"menu_order":0,"comment_status":"closed","ping_status":"closed","template":"","meta":{"_acf_changed":false,"footnotes":""},"artikelnummer":[],"autorenname":[],"fach":[],"klasse":[],"produktgruppe":[],"schulform":[],"thema":[],"elementvorlage":[102],"vorlage-hero":[4869],"class_list":{"0":"post-13348","1":"page","2":"type-page","3":"status-publish","4":"has-post-thumbnail","6":"elementvorlage-landingpage","7":"vorlage-hero-portrait"},"acf":[],"_links":{"self":[{"href":"https:\/\/www.kohlverlag.de\/themen\/wp-json\/wp\/v2\/pages\/13348","targetHints":{"allow":["GET"]}}],"collection":[{"href":"https:\/\/www.kohlverlag.de\/themen\/wp-json\/wp\/v2\/pages"}],"about":[{"href":"https:\/\/www.kohlverlag.de\/themen\/wp-json\/wp\/v2\/types\/page"}],"author":[{"embeddable":true,"href":"https:\/\/www.kohlverlag.de\/themen\/wp-json\/wp\/v2\/users\/1"}],"replies":[{"embeddable":true,"href":"https:\/\/www.kohlverlag.de\/themen\/wp-json\/wp\/v2\/comments?post=13348"}],"version-history":[{"count":7,"href":"https:\/\/www.kohlverlag.de\/themen\/wp-json\/wp\/v2\/pages\/13348\/revisions"}],"predecessor-version":[{"id":13395,"href":"https:\/\/www.kohlverlag.de\/themen\/wp-json\/wp\/v2\/pages\/13348\/revisions\/13395"}],"up":[{"embeddable":true,"href":"https:\/\/www.kohlverlag.de\/themen\/wp-json\/wp\/v2\/pages\/10714"}],"wp:featuredmedia":[{"embeddable":true,"href":"https:\/\/www.kohlverlag.de\/themen\/wp-json\/wp\/v2\/media\/10148"}],"wp:attachment":[{"href":"https:\/\/www.kohlverlag.de\/themen\/wp-json\/wp\/v2\/media?parent=13348"}],"wp:term":[{"taxonomy":"artikelnummer","embeddable":true,"href":"https:\/\/www.kohlverlag.de\/themen\/wp-json\/wp\/v2\/artikelnummer?post=13348"},{"taxonomy":"autorenname","embeddable":true,"href":"https:\/\/www.kohlverlag.de\/themen\/wp-json\/wp\/v2\/autorenname?post=13348"},{"taxonomy":"fach","embeddable":true,"href":"https:\/\/www.kohlverlag.de\/themen\/wp-json\/wp\/v2\/fach?post=13348"},{"taxonomy":"klasse","embeddable":true,"href":"https:\/\/www.kohlverlag.de\/themen\/wp-json\/wp\/v2\/klasse?post=13348"},{"taxonomy":"produktgruppe","embeddable":true,"href":"https:\/\/www.kohlverlag.de\/themen\/wp-json\/wp\/v2\/produktgruppe?post=13348"},{"taxonomy":"schulform","embeddable":true,"href":"https:\/\/www.kohlverlag.de\/themen\/wp-json\/wp\/v2\/schulform?post=13348"},{"taxonomy":"thema","embeddable":true,"href":"https:\/\/www.kohlverlag.de\/themen\/wp-json\/wp\/v2\/thema?post=13348"},{"taxonomy":"elementvorlage","embeddable":true,"href":"https:\/\/www.kohlverlag.de\/themen\/wp-json\/wp\/v2\/elementvorlage?post=13348"},{"taxonomy":"vorlage-hero","embeddable":true,"href":"https:\/\/www.kohlverlag.de\/themen\/wp-json\/wp\/v2\/vorlage-hero?post=13348"}],"curies":[{"name":"wp","href":"https:\/\/api.w.org\/{rel}","templated":true}]}}