{"id":14987,"date":"2025-12-01T09:00:53","date_gmt":"2025-12-01T08:00:53","guid":{"rendered":"https:\/\/www.kohlverlag.de\/themen\/?page_id=14987"},"modified":"2026-04-22T13:19:41","modified_gmt":"2026-04-22T11:19:41","slug":"bildergeschichten","status":"publish","type":"page","link":"https:\/\/www.kohlverlag.de\/themen\/bildergeschichten\/","title":{"rendered":"Bildergeschichten"},"content":{"rendered":"\n<div class=\"container-blog\"><h2 class=\"wp-block-heading\" id=\"was-ist-eine-bildergeschichtenbspnbsp\">Was ist eine Bildergeschichte?  <\/h2>\n\n\n<p>Eine Bildergeschichte ist eine Erz\u00e4hlung, die durch eine Reihe von Bildern oder Zeichnungen dargestellt wird, welche in einer bestimmten Reihenfolge angeordnet sind. Jedes Bild zeigt eine Szene oder Handlung, die zur Fortsetzung der Geschichte beitr\u00e4gt. Die Bildergeschichten sind eine effektive Methode, um komplexe Handlungen auf einfache Weise zu erz\u00e4hlen.<\/p>\n\n\n<h2 class=\"wp-block-heading\" id=\"wie-schreibt-man-eine-bildergeschichte\">Wie schreibt man eine Bildergeschichte?<\/h2>\n\n\n<p>Um eine Bildergeschichte zu erstellen, sollten zuerst Ideen gesammelt werden, um das Thema, die Charaktere und ihre Ziele und Konflikte festzulegen. Anschlie\u00dfend sollte die Geschichte in Szenen aufgeteilt werden, um zu entscheiden, wie viele Bilder f\u00fcr jede Szene ben\u00f6tigt werden. Danach sollten die Bilder skizziert werden, um die Geschichte visuell darzustellen. Ein Text sollte hinzugef\u00fcgt werden, um die Handlung und Dialoge zu erg\u00e4nzen, jedoch sollte darauf geachtet werden, dass der Text nicht zu lang wird und das Bild nicht \u00fcberlagert. Zum Schluss sollte die Bildergeschichte \u00fcberarbeitet werden, um sicherzustellen, dass die Bilder und der Text die Geschichte sinnvoll und verst\u00e4ndlich wiedergeben.<\/p>\n<\/div>\n\n\n\n<div class=\"mb-4rem section-main gb-element-6c24fb97\" id=\"produkte\">\n<span class=\"gb-shape gb-shape-bc66b611 gb-shape--divider\"><svg preserveAspectRatio=\"none\" viewBox=\"0 0 1200 70\" xmlns=\"http:\/\/www.w3.org\/2000\/svg\"><path d=\"M670 50L600 0l-70 50H0v20h1200V50z\"><\/path><\/svg><\/span>\n\n\n\n<div class=\"container-main width-main\"><p class=\"gb-text font-h2 gb-text-804dd6a1\">Passende Arbeitsbl\u00e4tter zum Thema<\/p>\n\n<p class=\"gb-text font-h2 gb-text-e6efec23\"><em>Unterrichtsvorbereitung ganz einfach!<\/em><\/p>\n\n\n<div class=\"mb-4rem\"><div class=\"gb-looper-27d58d74\">\n<div class=\"gb-loop-item gb-loop-item-5a7b5b2c post-14697 produkt type-produkt status-publish has-post-thumbnail hentry artikelnummer-p11439 fach-deutsch fach-ethik fach-religion fach-sachunterricht klasse-klasse-3 klasse-klasse-4 klasse-klasse-5 klasse-klasse-6 schulform-grundschule schulform-sekundarstufe-i thema-bildergeschichten thema-kreatives-schreiben thema-weihnachten\"><p class=\"gb-text product-title gb-text-5df7e95f\">15 Bildergeschichten f\u00fcr die Advents- und Weihnachtszeit &#8211; P11439<\/p>\n\n\n<div>\n\n<\/div>\n<\/div>\n\n<div class=\"gb-loop-item gb-loop-item-5a7b5b2c post-13221 produkt type-produkt status-publish has-post-thumbnail hentry artikelnummer-p12404 fach-deutsch klasse-klasse-3 klasse-klasse-4 klasse-klasse-5 klasse-klasse-6 schulform-grundschule schulform-sekundarstufe-i thema-aufsatz thema-bildanlaesse thema-bildergeschichten thema-erzaehlanlaesse thema-freies-schreiben thema-kreatives-schreiben\"><p class=\"gb-text product-title gb-text-5df7e95f\">Bildanl\u00e4sse zum Schreiben &#8211; P12404<\/p>\n\n\n<div>\n\n<\/div>\n<\/div>\n\n<div class=\"gb-loop-item gb-loop-item-5a7b5b2c post-13178 produkt type-produkt status-publish has-post-thumbnail hentry artikelnummer-p11720 fach-deutsch klasse-klasse-3 klasse-klasse-4 schulform-foerderschule schulform-grundschule thema-aufgabenkarten thema-bildergeschichten thema-differenzierung thema-freies-schreiben thema-kreatives-schreiben thema-selbstlernzeit\"><p class=\"gb-text product-title gb-text-5df7e95f\">Bildergeschichten an Stationen \/ Klasse 3-4 &#8211; P11720<\/p>\n\n\n<div>\n\n<\/div>\n<\/div>\n\n<div class=\"gb-loop-item gb-loop-item-5a7b5b2c post-13150 produkt type-produkt status-publish has-post-thumbnail hentry artikelnummer-p12303 fach-deutsch klasse-klasse-3 produktgruppe-lueckenfueller-deutsch schulform-grundschule thema-4-faelle thema-adjektive thema-aufsatz thema-bildergeschichten thema-freies-schreiben thema-grammatik thema-grundlagen thema-kreatives-schreiben thema-lesen-lernen thema-nomen thema-perfekt thema-praesens thema-praeteritum thema-rechtschreibung thema-satzglieder thema-schreiben-lernen thema-verben thema-vertretungsstunden thema-zusammengesetzte-nomen thema-zusatzaufgaben\"><p class=\"gb-text product-title gb-text-5df7e95f\">L\u00fcckenf\u00fcller Deutsch \/ Klasse 3 &#8211; P12303<\/p>\n\n\n<div>\n\n<\/div>\n<\/div>\n\n<div class=\"gb-loop-item gb-loop-item-5a7b5b2c post-13055 produkt type-produkt status-publish has-post-thumbnail hentry artikelnummer-p10636 fach-deutsch klasse-klasse-3 klasse-klasse-4 schulform-foerderschule schulform-grundschule thema-aufsatz thema-bildergeschichten thema-freies-schreiben thema-kreatives-schreiben thema-stundenbilder\"><p class=\"gb-text product-title gb-text-5df7e95f\">Aufsatz kinderleicht &#8211; Wir erz\u00e4hlen lustige Geschichten nach Bildern &#8211; P10636<\/p>\n\n\n<div>\n\n<\/div>\n<\/div>\n\n<div class=\"gb-loop-item gb-loop-item-5a7b5b2c post-13037 produkt type-produkt status-publish has-post-thumbnail hentry artikelnummer-p12639 fach-deutsch klasse-klasse-3 klasse-klasse-4 klasse-klasse-5 klasse-klasse-6 schulform-grundschule schulform-sekundarstufe-i thema-bildergeschichten thema-erzaehlanlaesse thema-grammatik thema-kreatives-schreiben thema-lesen-lernen thema-rechtschreibung thema-schreiben-lernen thema-vertretungsstunden thema-zusatzaufgaben\"><p class=\"gb-text product-title gb-text-5df7e95f\">20 Geschichten zum Weitermalen \/ Klasse 3-6 &#8211; P12639<\/p>\n\n\n<div>\n\n<\/div>\n<\/div>\n\n<div class=\"gb-loop-item gb-loop-item-5a7b5b2c post-12989 produkt type-produkt status-publish has-post-thumbnail hentry artikelnummer-p12212 fach-deutsch klasse-klasse-5 klasse-klasse-6 klasse-klasse-7 schulform-sekundarstufe-i thema-aufsatz thema-bericht thema-bildergeschichten thema-erlebniserzaehlung thema-eroerterung thema-fabeln thema-fantasiegeschichte thema-freies-schreiben thema-gegenstandsbeschreibung thema-inhaltsangabe thema-kreatives-schreiben thema-maerchen thema-nacherzaehlung thema-personenbeschreibung thema-portfolio thema-referat thema-reizwortgeschichten\"><p class=\"gb-text product-title gb-text-5df7e95f\">Aufsatztraining und Portfolioarbeit &#8211; P12212<\/p>\n\n\n<div>\n\n<\/div>\n<\/div>\n\n<div class=\"gb-loop-item gb-loop-item-5a7b5b2c post-12937 produkt type-produkt status-publish has-post-thumbnail hentry artikelnummer-p11439 fach-deutsch fach-ethik fach-religion fach-sachunterricht klasse-klasse-3 klasse-klasse-4 klasse-klasse-5 klasse-klasse-6 schulform-grundschule schulform-sekundarstufe-i thema-bildergeschichten thema-kreatives-schreiben thema-weihnachten\"><p class=\"gb-text product-title gb-text-5df7e95f\">15 Bildergeschichten &#8230; f\u00fcr die Advents- und Weihnachtszeit &#8211; P11439<\/p>\n\n\n<div>\n\n<\/div>\n<\/div>\n\n<div class=\"gb-loop-item gb-loop-item-5a7b5b2c post-12925 produkt type-produkt status-publish has-post-thumbnail hentry artikelnummer-p12628 fach-deutsch fach-englisch klasse-3-6-jahre klasse-klasse-1 klasse-klasse-2 klasse-klasse-3 klasse-klasse-4 klasse-klasse-5 schulform-fruehes-lernen schulform-grundschule schulform-kindergarten schulform-sekundarstufe-i schulform-vorschule thema-bildergeschichten thema-deutsch-als-zweitsprache thema-geschichten thema-sprachfoerderung thema-vokabeln thema-wortschatz\"><p class=\"gb-text product-title gb-text-5df7e95f\">Deutsch-Englische Bildergeschichten &#8211; P12628<\/p>\n\n\n<div>\n\n<\/div>\n<\/div>\n\n<div class=\"gb-loop-item gb-loop-item-5a7b5b2c post-12887 produkt type-produkt status-publish has-post-thumbnail hentry artikelnummer-p12969 fach-deutsch fach-religion fach-sachunterricht klasse-klasse-3 klasse-klasse-4 klasse-klasse-5 klasse-klasse-6 schulform-foerderschule schulform-grundschule schulform-sekundarstufe-i thema-bildergeschichten thema-freies-schreiben thema-kirchenjahr thema-ostern\"><p class=\"gb-text product-title gb-text-5df7e95f\">15 Bildergeschichten f\u00fcr die Osterzeit &#8211; P12969<\/p>\n\n\n<div>\n\n<\/div>\n<\/div>\n<\/div><\/div>\n\n\n\n<div class=\"gb-element-c20b6a79\"><a class=\"gb-text button-primary gb-text-4ddc0548\" href=\"\/unterrichtsmaterial\/?order=topseller&#038;p=1&#038;properties=937a7aa9229949d6b2a69f475e7162ac\">weitere Produkte im Shop<\/a><\/div>\n<\/div>\n<\/div>\n\n\n\n<div class=\"container-blog\"><h3 class=\"wp-block-heading\" id=\"einleitung\">Einleitung<\/h3>\n\n\n<p>Generell besteht eine Bildergeschichte aus den klassischen Elementen der Einleitung, dem Hauptteil und dem Schluss. Grunds\u00e4tzlich sollten in einer Bildergeschichte alle wichtige W-Fragen beantwortet werden, also zum Beispiel folgende:<\/p>\n\n\n\n<ul class=\"wp-block-list\">\n<li>Wer sind die Charaktere?<\/li>\n\n\n\n<li>\u00a0Was ist ihr Ziel?<\/li>\n\n\n\n<li>\u00a0Wo spielt die Geschichte?<\/li>\n\n\n\n<li>\u00a0Wann findet die Handlung statt?<\/li>\n\n\n\n<li>\u00a0Warum geschieht das, was geschieht?<\/li>\n\n\n\n<li>\u00a0Wie wird das Ziel erreicht?<\/li>\n<\/ul>\n\n\n<h3 class=\"wp-block-heading\" id=\"hauptteil\">Hauptteil<\/h3>\n\n\n<p>Im Hauptteil einer Bildergeschichte werden die Bilder in einer bestimmten Reihenfolge pr\u00e4sentiert, um eine Handlung zu erz\u00e4hlen. Jedes Bild zeigt eine Szene oder Situation, die zur Fortsetzung der Geschichte beitr\u00e4gt. Die Bilder sollten eine klare Abfolge haben und die Handlung sollte von Bild zu Bild voranschreiten. Um eine spannende Bildergeschichte zu schreiben, ist es wichtig, dass man den Leser von Beginn an in die Geschichte hineinzieht, indem man eine interessante Handlung entwickelt. Das kann mit einer spannenden Einleitung beginnen und sich \u00fcber eine stets steigernde Handlung fortentwickeln. Der H\u00f6hepunkt der Geschichte sollte der Punkt sein, an dem der Konflikt gel\u00f6st wird und die Charaktere ihr Ziel erreichen oder scheitern. Dieser Teil der Geschichte sollte besonders dramatisch und emotional sein, um den Leser zu fesseln und ihm ein befriedigendes Ende zu bieten.<\/p>\n\n\n<h3 class=\"wp-block-heading\" id=\"schluss\">Schluss<\/h3>\n\n\n<p>Im Schluss einer Bildergeschichte sollte die Handlung zu einem Abschluss kommen und der Leser sollte ein Gef\u00fchl der Zufriedenheit oder des Verst\u00e4ndnisses haben. Dies kann durch ein Happy-End erreicht werden, in dem die Konflikte gel\u00f6st sind und die Charaktere ihr Ziel erreicht haben. Es gibt jedoch auch Geschichten, die ein offenes Ende haben und dem Leser Raum zum Nachdenken und Spekulieren lassen.<\/p>\n\n\n\n<p>Ob die Geschichte im letzten Bild endet oder nicht, h\u00e4ngt von der Art der Geschichte ab. Einige Geschichten k\u00f6nnen mit einem einzigen Bild abgeschlossen werden, w\u00e4hrend andere Geschichten mehrere Bilder ben\u00f6tigen, um die Handlung zu einem Ende zu bringen.<\/p>\n\n\n\n<p>Wenn eine Bildergeschichte Fragen offen l\u00e4sst, kann dies Absicht sein, um den Leser zum Nachdenken anzuregen und ihm Raum zu geben, eigene Interpretationen zu entwickeln. Wenn die Geschichte jedoch zu viele unbeantwortete Fragen hat, kann dies den Leser frustrieren und die Geschichte unvollst\u00e4ndig erscheinen lassen.<\/p>\n\n\n<h2 class=\"wp-block-heading\" id=\"wie-erstelle-ich-eine-bildergeschichte\">Wie erstelle ich eine Bildergeschichte?<\/h2>\n\n\n<p>Um eine gute Bildergeschichte zu erstellen, sollte diese von Beginn an schl\u00fcssig geplant werden. Folgende einzelnen Schritte helfen bei der Umsetzung:<\/p>\n\n\n\n<p>Schreibplan erstellen: Man sollte zu Beginn festlegen, wer und was in der Geschichte vorkommen soll. Darauf wird ein Plan erstellt.<\/p>\n\n\n\n<p>Personen\/Namen festlegen: Wer soll in der Geschichte vorkommen? Wie sollen die Figuren hei\u00dfen?<\/p>\n\n\n\n<p>Verhalten der Charaktere: Wie verhalten sich die Charaktere, welche Eigenschaften haben sie? In welcher Beziehung stehen sie zueinander?<\/p>\n\n\n\n<p>Handlung: Wie wird die Handlung voranschreiten? Welche Konflikte und L\u00f6sungen gibt es?<\/p>\n\n\n<h2 class=\"wp-block-heading\" id=\"formulierung-einer-guten-bildergeschichte\">Formulierung einer guten Bildergeschichte<\/h2>\n\n\n<p>Eine gute Bildergeschichte zeichnet sich durch lebhafte Beschreibungen und detaillierte Sinneseindr\u00fccke aus. Hierf\u00fcr sollten Adjektive und Adverbien genutzt werden. Dadurch k\u00f6nnen Sinneswahrnehmungen der Charaktere besser beschrieben werden. Indem man als Leser erf\u00e4hrt, was die handelnden Figuren sehen, h\u00f6ren, f\u00fchlen, schmecken und riechen, kann man in die Geschichte abtauchen und nachempfinden, was passiert.<\/p>\n\n\n\n<p>Das gleiche gilt f\u00fcr Emotionen, die man mithilfe von Adjektiven und Adverbien besser beschreiben kann.<\/p>\n\n\n<h2 class=\"wp-block-heading\" id=\"in-welcher-zeitform-wird-eine-bildergeschichte-geschrieben\">In welcher Zeitform wird eine Bildergeschichte geschrieben?<\/h2>\n\n\n<p>Eine Bildergeschichte kann grunds\u00e4tzlich in verschiedenen Zeitformen geschrieben werden, je nachdem, welcher Stil und welche Erz\u00e4hlweise gew\u00fcnscht sind. F\u00fcr gew\u00f6hnlich wird die Bildergeschichte jedoch in der 1. Vergangenheitsform (Pr\u00e4teritum) geschrieben, da sie bereits stattgefunden hat. Die Verwendung der Vergangenheitsform erm\u00f6glicht es dem Autor auch, auf das Geschehene zur\u00fcckzublicken und es aus einer reflektierenden Perspektive zu betrachten.<\/p>\n\n\n\n<p>Die w\u00f6rtliche Rede wird in der Bildergeschichte wiederum immer in der Gegenwartsform (Pr\u00e4sens) wiedergegeben, um den Eindruck zu erwecken, als ob der Leser direkt in die Handlung eingebunden w\u00e4re.<\/p>\n\n\n\n<p>Insgesamt ist es aber immer wichtig, die gleichbleibende Zeitform zu nutzen, da es sonst zu unklaren Erz\u00e4hlungen und Zusammenh\u00e4ngen kommen kann.<\/p>\n<\/div>\n","protected":false},"excerpt":{"rendered":"<p>Was ist eine Bildergeschichte?&nbsp;&nbsp; Eine Bildergeschichte ist eine Erz\u00e4hlung, die durch eine Reihe von Bildern oder Zeichnungen dargestellt wird, welche in einer bestimmten Reihenfolge angeordnet sind. Jedes Bild zeigt eine Szene oder Handlung, die zur Fortsetzung der Geschichte beitr\u00e4gt. Die Bildergeschichten sind eine effektive Methode, um komplexe Handlungen auf einfache Weise zu erz\u00e4hlen. Wie schreibt &#8230; <a title=\"Bildergeschichten\" class=\"read-more\" href=\"https:\/\/www.kohlverlag.de\/themen\/bildergeschichten\/\" aria-label=\"Mehr Informationen \u00fcber Bildergeschichten\">Weiterlesen<\/a><\/p>\n","protected":false},"author":1,"featured_media":14975,"parent":0,"menu_order":0,"comment_status":"closed","ping_status":"closed","template":"","meta":{"_acf_changed":false,"footnotes":""},"artikelnummer":[],"autorenname":[],"fach":[],"klasse":[],"produktgruppe":[],"schulform":[],"thema":[1312],"elementvorlage":[7],"vorlage-hero":[4889],"class_list":{"0":"post-14987","1":"page","2":"type-page","3":"status-publish","4":"has-post-thumbnail","6":"thema-bildergeschichten","7":"elementvorlage-beitrag","8":"vorlage-hero-hero-standard"},"acf":[],"_links":{"self":[{"href":"https:\/\/www.kohlverlag.de\/themen\/wp-json\/wp\/v2\/pages\/14987","targetHints":{"allow":["GET"]}}],"collection":[{"href":"https:\/\/www.kohlverlag.de\/themen\/wp-json\/wp\/v2\/pages"}],"about":[{"href":"https:\/\/www.kohlverlag.de\/themen\/wp-json\/wp\/v2\/types\/page"}],"author":[{"embeddable":true,"href":"https:\/\/www.kohlverlag.de\/themen\/wp-json\/wp\/v2\/users\/1"}],"replies":[{"embeddable":true,"href":"https:\/\/www.kohlverlag.de\/themen\/wp-json\/wp\/v2\/comments?post=14987"}],"version-history":[{"count":9,"href":"https:\/\/www.kohlverlag.de\/themen\/wp-json\/wp\/v2\/pages\/14987\/revisions"}],"predecessor-version":[{"id":16006,"href":"https:\/\/www.kohlverlag.de\/themen\/wp-json\/wp\/v2\/pages\/14987\/revisions\/16006"}],"wp:featuredmedia":[{"embeddable":true,"href":"https:\/\/www.kohlverlag.de\/themen\/wp-json\/wp\/v2\/media\/14975"}],"wp:attachment":[{"href":"https:\/\/www.kohlverlag.de\/themen\/wp-json\/wp\/v2\/media?parent=14987"}],"wp:term":[{"taxonomy":"artikelnummer","embeddable":true,"href":"https:\/\/www.kohlverlag.de\/themen\/wp-json\/wp\/v2\/artikelnummer?post=14987"},{"taxonomy":"autorenname","embeddable":true,"href":"https:\/\/www.kohlverlag.de\/themen\/wp-json\/wp\/v2\/autorenname?post=14987"},{"taxonomy":"fach","embeddable":true,"href":"https:\/\/www.kohlverlag.de\/themen\/wp-json\/wp\/v2\/fach?post=14987"},{"taxonomy":"klasse","embeddable":true,"href":"https:\/\/www.kohlverlag.de\/themen\/wp-json\/wp\/v2\/klasse?post=14987"},{"taxonomy":"produktgruppe","embeddable":true,"href":"https:\/\/www.kohlverlag.de\/themen\/wp-json\/wp\/v2\/produktgruppe?post=14987"},{"taxonomy":"schulform","embeddable":true,"href":"https:\/\/www.kohlverlag.de\/themen\/wp-json\/wp\/v2\/schulform?post=14987"},{"taxonomy":"thema","embeddable":true,"href":"https:\/\/www.kohlverlag.de\/themen\/wp-json\/wp\/v2\/thema?post=14987"},{"taxonomy":"elementvorlage","embeddable":true,"href":"https:\/\/www.kohlverlag.de\/themen\/wp-json\/wp\/v2\/elementvorlage?post=14987"},{"taxonomy":"vorlage-hero","embeddable":true,"href":"https:\/\/www.kohlverlag.de\/themen\/wp-json\/wp\/v2\/vorlage-hero?post=14987"}],"curies":[{"name":"wp","href":"https:\/\/api.w.org\/{rel}","templated":true}]}}