{"id":15451,"date":"2026-01-07T09:36:45","date_gmt":"2026-01-07T08:36:45","guid":{"rendered":"https:\/\/www.kohlverlag.de\/themen\/?page_id=15451"},"modified":"2026-01-07T09:43:02","modified_gmt":"2026-01-07T08:43:02","slug":"klasse-1","status":"publish","type":"page","link":"https:\/\/www.kohlverlag.de\/themen\/deutsch\/klasse-1\/","title":{"rendered":"Deutsch in Klasse 1"},"content":{"rendered":"\n<div class=\"container-blog\">\n<p>Der <strong>Deutschunterricht in der ersten Klasse<\/strong> legt den Grundstein f\u00fcr alle weiteren Lernerfolge. Hier lernen die Kinder die Buchstaben kennen, erste W\u00f6rter zu lesen und einfache S\u00e4tze zu schreiben. Spielerische \u00dcbungen zur <em>Phonologischen Bewusstheit<\/em>, zum <strong>Schriftspracherwerb<\/strong> und zur Feinmotorik stehen im Mittelpunkt. Gerade in dieser sensiblen Phase ist es wichtig, die Kinder individuell zu f\u00f6rdern und ihnen Erfolgserlebnisse zu erm\u00f6glichen.<\/p>\n<\/div>\n\n\n\n<div class=\"mb-4rem section-main gb-element-6c24fb97\" id=\"produkte\">\n<span class=\"gb-shape gb-shape-bc66b611 gb-shape--divider\"><svg xmlns=\"http:\/\/www.w3.org\/2000\/svg\" viewBox=\"0 0 1200 70\" preserveAspectRatio=\"none\"><path d=\"M670 50L600 0l-70 50H0v20h1200V50z\"><\/path><\/svg><\/span>\n\n\n\n<div class=\"container-main width-main\">\n<p class=\"gb-text font-h2 gb-text-804dd6a1\">Passende Arbeitsbl\u00e4tter zum Thema<\/p>\n\n\n\n<p class=\"gb-text font-h2 gb-text-e6efec23\"><em>Unterrichtsvorbereitung ganz einfach!<\/em><\/p>\n\n\n\n<div class=\"mb-4rem\"><div class=\"gb-looper-27d58d74\">\n<div class=\"gb-loop-item gb-loop-item-5a7b5b2c post-14685 produkt type-produkt status-publish has-post-thumbnail hentry artikelnummer-p12623 fach-anfangsunterricht fach-deutsch fach-kunst klasse-3-6-jahre klasse-klasse-1 klasse-klasse-2 schulform-fruehes-lernen schulform-grundschule schulform-kindergarten schulform-vorschule thema-feinmotorik thema-konzentration thema-motorik thema-schreibvoraussetzung thema-schulvorbereitung thema-schwunguebungen thema-wahrnehmung\">\n<p class=\"gb-text product-title gb-text-5df7e95f\">Erste Schwung\u00fcbungen  \/  F\u00f6rderung der Feinmotorik &#8211; P12623<\/p>\n\n\n\n<div>\n\n<\/div>\n<\/div>\n\n<div class=\"gb-loop-item gb-loop-item-5a7b5b2c post-14679 produkt type-produkt status-publish has-post-thumbnail hentry artikelnummer-p12518 fach-deutsch fach-sonstiges klasse-klasse-1 klasse-klasse-2 klasse-klasse-3 klasse-klasse-4 klasse-klasse-5 klasse-klasse-6 schulform-grundschule schulform-sekundarstufe-i thema-auge-hand-koordination thema-feinmotorik thema-konzentration thema-koordination thema-motorik\">\n<p class=\"gb-text product-title gb-text-5df7e95f\">Das Auge-Hand-Koordinationstraining &#8211; P12518<\/p>\n\n\n\n<div>\n\n<\/div>\n<\/div>\n\n<div class=\"gb-loop-item gb-loop-item-5a7b5b2c post-14676 produkt type-produkt status-publish has-post-thumbnail hentry artikelnummer-p11366 fach-anfangsunterricht fach-deutsch fach-kunst klasse-3-6-jahre klasse-klasse-1 klasse-klasse-2 schulform-fruehes-lernen schulform-grundschule schulform-kindergarten schulform-vorschule thema-feinmotorik thema-konzentration thema-motorik thema-schreibvoraussetzung thema-schulvorbereitung thema-schwunguebungen\">\n<p class=\"gb-text product-title gb-text-5df7e95f\">Schwung\u00fcbungen f\u00f6rdern und festigen &#8211; P11366<\/p>\n\n\n\n<div>\n\n<\/div>\n<\/div>\n\n<div class=\"gb-loop-item gb-loop-item-5a7b5b2c post-14625 produkt type-produkt status-publish has-post-thumbnail hentry artikelnummer-p17003 fach-deutsch klasse-klasse-1 klasse-klasse-2 klasse-klasse-3 klasse-klasse-4 schulform-foerderschule schulform-grundschule thema-lesefoerderung thema-lesekompetenz thema-lesetexte thema-lesetraining thema-leseverstaendnis thema-sinnerfassendes-lesen\">\n<p class=\"gb-text product-title gb-text-5df7e95f\">Komplettpaket* Der Leseprofi Grundschule &#8211; P17003<\/p>\n\n\n\n<div>\n\n<\/div>\n<\/div>\n\n<div class=\"gb-loop-item gb-loop-item-5a7b5b2c post-14627 produkt type-produkt status-publish has-post-thumbnail hentry artikelnummer-p17004 fach-deutsch klasse-klasse-1 klasse-klasse-2 klasse-klasse-3 klasse-klasse-4 schulform-foerderschule schulform-grundschule thema-lesefoerderung thema-lesekompetenz thema-lesetexte thema-lesetraining thema-leseverstaendnis thema-sinnerfassendes-lesen\">\n<p class=\"gb-text product-title gb-text-5df7e95f\">Komplettpaket* Der Leseprofi-Arbeitshefte Grundschule &#8211; P17004<\/p>\n\n\n\n<div>\n\n<\/div>\n<\/div>\n\n<div class=\"gb-loop-item gb-loop-item-5a7b5b2c post-13333 produkt type-produkt status-publish has-post-thumbnail hentry artikelnummer-p11742 fach-deutsch klasse-klasse-1 klasse-klasse-2 klasse-klasse-3 klasse-klasse-4 schulform-foerderschule schulform-grundschule thema-bildkarten thema-konzentration thema-koordination thema-lesekompetenz thema-motorik thema-wortkarten\">\n<p class=\"gb-text product-title gb-text-5df7e95f\">Legespiel mit W\u00f6rtern &#8211; P11742<\/p>\n\n\n\n<div>\n\n<\/div>\n<\/div>\n\n<div class=\"gb-loop-item gb-loop-item-5a7b5b2c post-13309 produkt type-produkt status-publish has-post-thumbnail hentry artikelnummer-p11097 fach-deutsch klasse-klasse-1 klasse-klasse-2 schulform-grundschule thema-schriftsprache thema-sprachdefizite thema-textarbeit thema-wortbedeutung thema-worterklaerungen thema-wortschatzarbeit\">\n<p class=\"gb-text product-title gb-text-5df7e95f\">So werde ich Sprachprofi! \/ Klasse 1-2 &#8211; P11097<\/p>\n\n\n\n<div>\n\n<\/div>\n<\/div>\n\n<div class=\"gb-loop-item gb-loop-item-5a7b5b2c post-13285 produkt type-produkt status-publish has-post-thumbnail hentry artikelnummer-p11232 fach-deutsch klasse-klasse-1 klasse-klasse-10 klasse-klasse-2 klasse-klasse-3 klasse-klasse-4 klasse-klasse-5 klasse-klasse-6 klasse-klasse-7 klasse-klasse-8 klasse-klasse-9 schulform-grundschule schulform-sekundarstufe-i thema-doppellaute thema-getrennt-und-zusammenschreibung thema-grammatik thema-gross-und-kleinschreibung thema-haeusliches-ueben thema-legasthenie thema-lese-rechtschreib-schwaeche thema-nachhilfe thema-rechtschreibung thema-vokale thema-vorsilben thema-wortarten thema-zeichensetzung\">\n<p class=\"gb-text product-title gb-text-5df7e95f\">LRS wirksam bek\u00e4mpfen! &#8211; P11232<\/p>\n\n\n\n<div>\n\n<\/div>\n<\/div>\n\n<div class=\"gb-loop-item gb-loop-item-5a7b5b2c post-13273 produkt type-produkt status-publish has-post-thumbnail hentry artikelnummer-p12990 fach-deutsch klasse-3-6-jahre klasse-klasse-1 klasse-klasse-2 klasse-klasse-3 klasse-klasse-4 schulform-foerderschule schulform-fruehes-lernen schulform-grundschule schulform-kindergarten schulform-vorschule thema-grundwortschatz thema-lesekompetenz thema-lesen-lernen thema-textarbeit thema-textverstaendnis thema-wortschatz\">\n<p class=\"gb-text product-title gb-text-5df7e95f\">Erstes Deutsch &#8211; P12990<\/p>\n\n\n\n<div>\n\n<\/div>\n<\/div>\n\n<div class=\"gb-loop-item gb-loop-item-5a7b5b2c post-13268 produkt type-produkt status-publish has-post-thumbnail hentry artikelnummer-p16761 fach-deutsch klasse-klasse-1 produktgruppe-der-leseprofi schulform-foerderschule schulform-grundschule thema-erstleser thema-lesefoerderung thema-lesekompetenz thema-lesen-lernen thema-lesetexte thema-lesetraining thema-leseverstaendnis thema-silbenboegen thema-silbenlesen thema-sinnerfassendes-lesen\">\n<p class=\"gb-text product-title gb-text-5df7e95f\">Der Leseprofi \/ Klasse 1 &#8211; P16761<\/p>\n\n\n\n<div>\n\n<\/div>\n<\/div>\n<\/div><\/div>\n\n\n\n<div class=\"gb-element-c20b6a79\">\n<a class=\"gb-text button-primary gb-text-4ddc0548\" href=\"https:\/\/www.kohlverlag.de\/grundschule\/?order=topseller&#038;p=1&#038;properties=110062a18ffe43bfbb32c68c6a5ce502%7C7af5a41b6b1a4610b89a06e0bc54fc55\">weitere Produkte im Shop<\/a>\n<\/div>\n<\/div>\n<\/div>\n\n\n\n<div class=\"container-blog\">\n<h3 id=\"praxiserprobte-materialien-fuer-ihren-unterricht\" class=\"wp-block-heading\">Praxiserprobte Materialien f\u00fcr Ihren Unterricht<\/h3>\n\n\n\n<p>Die <strong>Arbeitsbl\u00e4tter und Kopiervorlagen des Kohl Verlags<\/strong> sind speziell f\u00fcr Erstkl\u00e4ssler konzipiert: klar strukturiert, liebevoll illustriert und <strong>sofort einsetzbar<\/strong>. Sie decken alle wichtigen Bereiche ab \u2013 von Buchstabeneinf\u00fchrung \u00fcber Silbentraining bis hin zu ersten Leseversuchen. Durch verschiedene Schwierigkeitsstufen k\u00f6nnen Sie <em>ohne lange Vorbereitung<\/em> auf unterschiedliche Lernst\u00e4nde eingehen und jeden Sch\u00fcler da abholen, wo er steht.<\/p>\n\n\n\n<p><strong>Typische Themen in Klasse 1:<\/strong><\/p>\n\n\n\n<ul class=\"wp-block-list\">\n<li>Buchstaben lernen und schreiben<\/li>\n\n\n\n<li>Laute h\u00f6ren und unterscheiden<\/li>\n\n\n\n<li>Erste W\u00f6rter lesen<\/li>\n\n\n\n<li>Silben klatschen und schwingen<\/li>\n\n\n\n<li>Einfache S\u00e4tze bilden<\/li>\n<\/ul>\n<\/div>\n","protected":false},"excerpt":{"rendered":"<p>Der Deutschunterricht in der ersten Klasse legt den Grundstein f\u00fcr alle weiteren Lernerfolge. Hier lernen die Kinder die Buchstaben kennen, erste W\u00f6rter zu lesen und einfache S\u00e4tze zu schreiben. Spielerische \u00dcbungen zur Phonologischen Bewusstheit, zum Schriftspracherwerb und zur Feinmotorik stehen im Mittelpunkt. Gerade in dieser sensiblen Phase ist es wichtig, die Kinder individuell zu f\u00f6rdern &#8230; <a title=\"Deutsch in Klasse 1\" class=\"read-more\" href=\"https:\/\/www.kohlverlag.de\/themen\/deutsch\/klasse-1\/\" aria-label=\"Mehr Informationen \u00fcber Deutsch in Klasse 1\">Weiterlesen<\/a><\/p>\n","protected":false},"author":1,"featured_media":15267,"parent":374,"menu_order":0,"comment_status":"closed","ping_status":"closed","template":"","meta":{"_acf_changed":false,"footnotes":""},"artikelnummer":[],"autorenname":[],"fach":[16],"klasse":[60],"produktgruppe":[],"schulform":[],"thema":[],"elementvorlage":[7],"vorlage-hero":[4889],"class_list":{"0":"post-15451","1":"page","2":"type-page","3":"status-publish","4":"has-post-thumbnail","6":"fach-deutsch","7":"klasse-klasse-1","8":"elementvorlage-beitrag","9":"vorlage-hero-hero-standard"},"acf":[],"_links":{"self":[{"href":"https:\/\/www.kohlverlag.de\/themen\/wp-json\/wp\/v2\/pages\/15451","targetHints":{"allow":["GET"]}}],"collection":[{"href":"https:\/\/www.kohlverlag.de\/themen\/wp-json\/wp\/v2\/pages"}],"about":[{"href":"https:\/\/www.kohlverlag.de\/themen\/wp-json\/wp\/v2\/types\/page"}],"author":[{"embeddable":true,"href":"https:\/\/www.kohlverlag.de\/themen\/wp-json\/wp\/v2\/users\/1"}],"replies":[{"embeddable":true,"href":"https:\/\/www.kohlverlag.de\/themen\/wp-json\/wp\/v2\/comments?post=15451"}],"version-history":[{"count":8,"href":"https:\/\/www.kohlverlag.de\/themen\/wp-json\/wp\/v2\/pages\/15451\/revisions"}],"predecessor-version":[{"id":15461,"href":"https:\/\/www.kohlverlag.de\/themen\/wp-json\/wp\/v2\/pages\/15451\/revisions\/15461"}],"up":[{"embeddable":true,"href":"https:\/\/www.kohlverlag.de\/themen\/wp-json\/wp\/v2\/pages\/374"}],"wp:featuredmedia":[{"embeddable":true,"href":"https:\/\/www.kohlverlag.de\/themen\/wp-json\/wp\/v2\/media\/15267"}],"wp:attachment":[{"href":"https:\/\/www.kohlverlag.de\/themen\/wp-json\/wp\/v2\/media?parent=15451"}],"wp:term":[{"taxonomy":"artikelnummer","embeddable":true,"href":"https:\/\/www.kohlverlag.de\/themen\/wp-json\/wp\/v2\/artikelnummer?post=15451"},{"taxonomy":"autorenname","embeddable":true,"href":"https:\/\/www.kohlverlag.de\/themen\/wp-json\/wp\/v2\/autorenname?post=15451"},{"taxonomy":"fach","embeddable":true,"href":"https:\/\/www.kohlverlag.de\/themen\/wp-json\/wp\/v2\/fach?post=15451"},{"taxonomy":"klasse","embeddable":true,"href":"https:\/\/www.kohlverlag.de\/themen\/wp-json\/wp\/v2\/klasse?post=15451"},{"taxonomy":"produktgruppe","embeddable":true,"href":"https:\/\/www.kohlverlag.de\/themen\/wp-json\/wp\/v2\/produktgruppe?post=15451"},{"taxonomy":"schulform","embeddable":true,"href":"https:\/\/www.kohlverlag.de\/themen\/wp-json\/wp\/v2\/schulform?post=15451"},{"taxonomy":"thema","embeddable":true,"href":"https:\/\/www.kohlverlag.de\/themen\/wp-json\/wp\/v2\/thema?post=15451"},{"taxonomy":"elementvorlage","embeddable":true,"href":"https:\/\/www.kohlverlag.de\/themen\/wp-json\/wp\/v2\/elementvorlage?post=15451"},{"taxonomy":"vorlage-hero","embeddable":true,"href":"https:\/\/www.kohlverlag.de\/themen\/wp-json\/wp\/v2\/vorlage-hero?post=15451"}],"curies":[{"name":"wp","href":"https:\/\/api.w.org\/{rel}","templated":true}]}}

<div class="container-blog">
<p>Der <strong>Deutschunterricht in der ersten Klasse</strong> legt den Grundstein für alle weiteren Lernerfolge. Hier lernen die Kinder die Buchstaben kennen, erste Wörter zu lesen und einfache Sätze zu schreiben. Spielerische Übungen zur <em>Phonologischen Bewusstheit</em>, zum <strong>Schriftspracherwerb</strong> und zur Feinmotorik stehen im Mittelpunkt. Gerade in dieser sensiblen Phase ist es wichtig, die Kinder individuell zu fördern und ihnen Erfolgserlebnisse zu ermöglichen.</p>
</div>



<div class="mb-4rem section-main gb-element-6c24fb97" id="produkte">
<span class="gb-shape gb-shape-bc66b611 gb-shape--divider"><svg xmlns="http://www.w3.org/2000/svg" viewBox="0 0 1200 70" preserveAspectRatio="none"><path d="M670 50L600 0l-70 50H0v20h1200V50z"></path></svg></span>



<div class="container-main width-main">
<p class="gb-text font-h2 gb-text-804dd6a1">Passende Arbeitsblätter zum Thema</p>



<p class="gb-text font-h2 gb-text-e6efec23"><em>Unterrichtsvorbereitung ganz einfach!</em></p>



<div class="mb-4rem"><div class="gb-looper-27d58d74">
<div class="gb-loop-item gb-loop-item-5a7b5b2c post-14685 produkt type-produkt status-publish has-post-thumbnail hentry artikelnummer-p12623 fach-anfangsunterricht fach-deutsch fach-kunst klasse-3-6-jahre klasse-klasse-1 klasse-klasse-2 schulform-fruehes-lernen schulform-grundschule schulform-kindergarten schulform-vorschule thema-feinmotorik thema-konzentration thema-motorik thema-schreibvoraussetzung thema-schulvorbereitung thema-schwunguebungen thema-wahrnehmung">
<p class="gb-text product-title gb-text-5df7e95f">Erste Schwungübungen  /  Förderung der Feinmotorik &#8211; P12623</p>



<div>

</div>
</div>

<div class="gb-loop-item gb-loop-item-5a7b5b2c post-14679 produkt type-produkt status-publish has-post-thumbnail hentry artikelnummer-p12518 fach-deutsch fach-sonstiges klasse-klasse-1 klasse-klasse-2 klasse-klasse-3 klasse-klasse-4 klasse-klasse-5 klasse-klasse-6 schulform-grundschule schulform-sekundarstufe-i thema-auge-hand-koordination thema-feinmotorik thema-konzentration thema-koordination thema-motorik">
<p class="gb-text product-title gb-text-5df7e95f">Das Auge-Hand-Koordinationstraining &#8211; P12518</p>



<div>

</div>
</div>

<div class="gb-loop-item gb-loop-item-5a7b5b2c post-14676 produkt type-produkt status-publish has-post-thumbnail hentry artikelnummer-p11366 fach-anfangsunterricht fach-deutsch fach-kunst klasse-3-6-jahre klasse-klasse-1 klasse-klasse-2 schulform-fruehes-lernen schulform-grundschule schulform-kindergarten schulform-vorschule thema-feinmotorik thema-konzentration thema-motorik thema-schreibvoraussetzung thema-schulvorbereitung thema-schwunguebungen">
<p class="gb-text product-title gb-text-5df7e95f">Schwungübungen fördern und festigen &#8211; P11366</p>



<div>

</div>
</div>

<div class="gb-loop-item gb-loop-item-5a7b5b2c post-14625 produkt type-produkt status-publish has-post-thumbnail hentry artikelnummer-p17003 fach-deutsch klasse-klasse-1 klasse-klasse-2 klasse-klasse-3 klasse-klasse-4 schulform-foerderschule schulform-grundschule thema-lesefoerderung thema-lesekompetenz thema-lesetexte thema-lesetraining thema-leseverstaendnis thema-sinnerfassendes-lesen">
<p class="gb-text product-title gb-text-5df7e95f">Komplettpaket* Der Leseprofi Grundschule &#8211; P17003</p>



<div>

</div>
</div>

<div class="gb-loop-item gb-loop-item-5a7b5b2c post-14627 produkt type-produkt status-publish has-post-thumbnail hentry artikelnummer-p17004 fach-deutsch klasse-klasse-1 klasse-klasse-2 klasse-klasse-3 klasse-klasse-4 schulform-foerderschule schulform-grundschule thema-lesefoerderung thema-lesekompetenz thema-lesetexte thema-lesetraining thema-leseverstaendnis thema-sinnerfassendes-lesen">
<p class="gb-text product-title gb-text-5df7e95f">Komplettpaket* Der Leseprofi-Arbeitshefte Grundschule &#8211; P17004</p>



<div>

</div>
</div>

<div class="gb-loop-item gb-loop-item-5a7b5b2c post-13333 produkt type-produkt status-publish has-post-thumbnail hentry artikelnummer-p11742 fach-deutsch klasse-klasse-1 klasse-klasse-2 klasse-klasse-3 klasse-klasse-4 schulform-foerderschule schulform-grundschule thema-bildkarten thema-konzentration thema-koordination thema-lesekompetenz thema-motorik thema-wortkarten">
<p class="gb-text product-title gb-text-5df7e95f">Legespiel mit Wörtern &#8211; P11742</p>



<div>

</div>
</div>

<div class="gb-loop-item gb-loop-item-5a7b5b2c post-13309 produkt type-produkt status-publish has-post-thumbnail hentry artikelnummer-p11097 fach-deutsch klasse-klasse-1 klasse-klasse-2 schulform-grundschule thema-schriftsprache thema-sprachdefizite thema-textarbeit thema-wortbedeutung thema-worterklaerungen thema-wortschatzarbeit">
<p class="gb-text product-title gb-text-5df7e95f">So werde ich Sprachprofi! / Klasse 1-2 &#8211; P11097</p>



<div>

</div>
</div>

<div class="gb-loop-item gb-loop-item-5a7b5b2c post-13285 produkt type-produkt status-publish has-post-thumbnail hentry artikelnummer-p11232 fach-deutsch klasse-klasse-1 klasse-klasse-10 klasse-klasse-2 klasse-klasse-3 klasse-klasse-4 klasse-klasse-5 klasse-klasse-6 klasse-klasse-7 klasse-klasse-8 klasse-klasse-9 schulform-grundschule schulform-sekundarstufe-i thema-doppellaute thema-getrennt-und-zusammenschreibung thema-grammatik thema-gross-und-kleinschreibung thema-haeusliches-ueben thema-legasthenie thema-lese-rechtschreib-schwaeche thema-nachhilfe thema-rechtschreibung thema-vokale thema-vorsilben thema-wortarten thema-zeichensetzung">
<p class="gb-text product-title gb-text-5df7e95f">LRS wirksam bekämpfen! &#8211; P11232</p>



<div>

</div>
</div>

<div class="gb-loop-item gb-loop-item-5a7b5b2c post-13273 produkt type-produkt status-publish has-post-thumbnail hentry artikelnummer-p12990 fach-deutsch klasse-3-6-jahre klasse-klasse-1 klasse-klasse-2 klasse-klasse-3 klasse-klasse-4 schulform-foerderschule schulform-fruehes-lernen schulform-grundschule schulform-kindergarten schulform-vorschule thema-grundwortschatz thema-lesekompetenz thema-lesen-lernen thema-textarbeit thema-textverstaendnis thema-wortschatz">
<p class="gb-text product-title gb-text-5df7e95f">Erstes Deutsch &#8211; P12990</p>



<div>

</div>
</div>

<div class="gb-loop-item gb-loop-item-5a7b5b2c post-13268 produkt type-produkt status-publish has-post-thumbnail hentry artikelnummer-p16761 fach-deutsch klasse-klasse-1 produktgruppe-der-leseprofi schulform-foerderschule schulform-grundschule thema-erstleser thema-lesefoerderung thema-lesekompetenz thema-lesen-lernen thema-lesetexte thema-lesetraining thema-leseverstaendnis thema-silbenboegen thema-silbenlesen thema-sinnerfassendes-lesen">
<p class="gb-text product-title gb-text-5df7e95f">Der Leseprofi / Klasse 1 &#8211; P16761</p>



<div>

</div>
</div>
</div></div>



<div class="gb-element-c20b6a79">
<a class="gb-text button-primary gb-text-4ddc0548" href="https://www.kohlverlag.de/grundschule/?order=topseller&#038;p=1&#038;properties=110062a18ffe43bfbb32c68c6a5ce502%7C7af5a41b6b1a4610b89a06e0bc54fc55">weitere Produkte im Shop</a>
</div>
</div>
</div>



<div class="container-blog">
<h3 id="praxiserprobte-materialien-fuer-ihren-unterricht" class="wp-block-heading">Praxiserprobte Materialien für Ihren Unterricht</h3>



<p>Die <strong>Arbeitsblätter und Kopiervorlagen des Kohl Verlags</strong> sind speziell für Erstklässler konzipiert: klar strukturiert, liebevoll illustriert und <strong>sofort einsetzbar</strong>. Sie decken alle wichtigen Bereiche ab – von Buchstabeneinführung über Silbentraining bis hin zu ersten Leseversuchen. Durch verschiedene Schwierigkeitsstufen können Sie <em>ohne lange Vorbereitung</em> auf unterschiedliche Lernstände eingehen und jeden Schüler da abholen, wo er steht.</p>



<p><strong>Typische Themen in Klasse 1:</strong></p>



<ul class="wp-block-list">
<li>Buchstaben lernen und schreiben</li>



<li>Laute hören und unterscheiden</li>



<li>Erste Wörter lesen</li>



<li>Silben klatschen und schwingen</li>



<li>Einfache Sätze bilden</li>
</ul>
</div>

<p>Der Deutschunterricht in der ersten Klasse legt den Grundstein für alle weiteren Lernerfolge. Hier lernen die Kinder die Buchstaben kennen, erste Wörter zu lesen und einfache Sätze zu schreiben. Spielerische Übungen zur Phonologischen Bewusstheit, zum Schriftspracherwerb und zur Feinmotorik stehen im Mittelpunkt. Gerade in dieser sensiblen Phase ist es wichtig, die Kinder individuell zu fördern &#8230; <a title="Deutsch in Klasse 1" class="read-more" href="https://www.kohlverlag.de/themen/deutsch/klasse-1/" aria-label="Mehr Informationen über Deutsch in Klasse 1">Weiterlesen</a></p>
