{"id":15482,"date":"2026-01-07T11:22:41","date_gmt":"2026-01-07T10:22:41","guid":{"rendered":"https:\/\/www.kohlverlag.de\/themen\/?page_id=15482"},"modified":"2026-01-07T11:23:29","modified_gmt":"2026-01-07T10:23:29","slug":"klasse-6","status":"publish","type":"page","link":"https:\/\/www.kohlverlag.de\/themen\/deutsch\/klasse-6\/","title":{"rendered":"Deutsch in Klasse 6"},"content":{"rendered":"\n<div class=\"container-blog\">\n<p>In der <strong>sechsten Klasse<\/strong> vertiefen die Sch\u00fcler ihre sprachlichen F\u00e4higkeiten und erweitern ihr literarisches Verst\u00e4ndnis. Der <strong>Deutschunterricht<\/strong> fokussiert sich auf komplexere <em>Textformen<\/em> wie Erz\u00e4hlungen, Gedichte und Sachtexte, die analysiert und interpretiert werden. Beim Schreiben stehen <strong>argumentative Texte<\/strong>, Inhaltsangaben und Charakterisierungen im Vordergrund. Die Grammatik wird systematisch ausgebaut \u2013 von Aktiv und Passiv \u00fcber Konjunktiv bis zu komplexen Satzgef\u00fcgen. Auch die <em>Rechtschreibung<\/em> wird weiter gefestigt, besonders bei schwierigen W\u00f6rtern und Fremdw\u00f6rtern. Ziel ist es, die Sch\u00fcler zu selbstst\u00e4ndigen Lesern und Schreibern mit sicherer Sprachkompetenz zu entwickeln.<\/p>\n<\/div>\n\n\n\n<div class=\"mb-4rem section-main gb-element-6c24fb97\" id=\"produkte\">\n<span class=\"gb-shape gb-shape-bc66b611 gb-shape--divider\"><svg preserveAspectRatio=\"none\" viewBox=\"0 0 1200 70\" xmlns=\"http:\/\/www.w3.org\/2000\/svg\"><path d=\"M670 50L600 0l-70 50H0v20h1200V50z\"><\/path><\/svg><\/span>\n\n\n\n<div class=\"container-main width-main\"><p class=\"gb-text font-h2 gb-text-804dd6a1\">Passende Arbeitsbl\u00e4tter zum Thema<\/p>\n\n<p class=\"gb-text font-h2 gb-text-e6efec23\"><em>Unterrichtsvorbereitung ganz einfach!<\/em><\/p>\n\n\n<div class=\"mb-4rem\"><div class=\"gb-looper-27d58d74\">\n<div class=\"gb-loop-item gb-loop-item-5a7b5b2c post-14702 produkt type-produkt status-publish has-post-thumbnail hentry artikelnummer-p10809 fach-deutsch klasse-klasse-5 klasse-klasse-6 klasse-klasse-7 schulform-foerderschule schulform-sekundarstufe-i thema-adverbiale-bestimmung thema-grammatik thema-hauptsaetze thema-nebensaetze thema-objekt thema-praedikat thema-rechtschreibung thema-satzarten thema-satzuebungen thema-spielerisches-lernen thema-subjekt\"><p class=\"gb-text product-title gb-text-5df7e95f\">Grammatik-Trainer \/ Band 3: Satzteile und Satzarten &#8211; P10809<\/p>\n\n\n<div>\n\n<\/div>\n<\/div>\n\n<div class=\"gb-loop-item gb-loop-item-5a7b5b2c post-14700 produkt type-produkt status-publish has-post-thumbnail hentry artikelnummer-p11562 fach-deutsch klasse-klasse-10 klasse-klasse-11 klasse-klasse-12 klasse-klasse-13 klasse-klasse-3 klasse-klasse-4 klasse-klasse-5 klasse-klasse-6 klasse-klasse-7 klasse-klasse-8 klasse-klasse-9 schulform-grundschule schulform-sekundarstufe-i schulform-sekundarstufe-ii thema-deutsch-als-zweitsprache thema-grundwortschatz thema-vorbereitungsklassen thema-wortschatzarbeit thema-wortschatzuebungen\"><p class=\"gb-text product-title gb-text-5df7e95f\">Deutsch als Zweitsprache in Vorbereitungsklassen \/ Band 3 &#8211; P11562<\/p>\n\n\n<div>\n\n<\/div>\n<\/div>\n\n<div class=\"gb-loop-item gb-loop-item-5a7b5b2c post-14697 produkt type-produkt status-publish has-post-thumbnail hentry artikelnummer-p11439 fach-deutsch fach-ethik fach-religion fach-sachunterricht klasse-klasse-3 klasse-klasse-4 klasse-klasse-5 klasse-klasse-6 schulform-grundschule schulform-sekundarstufe-i thema-bildergeschichten thema-kreatives-schreiben thema-weihnachten\"><p class=\"gb-text product-title gb-text-5df7e95f\">15 Bildergeschichten f\u00fcr die Advents- und Weihnachtszeit &#8211; P11439<\/p>\n\n\n<div>\n\n<\/div>\n<\/div>\n\n<div class=\"gb-loop-item gb-loop-item-5a7b5b2c post-14683 produkt type-produkt status-publish has-post-thumbnail hentry artikelnummer-p12551 fach-deutsch klasse-klasse-5 klasse-klasse-6 klasse-klasse-7 schulform-sekundarstufe-i thema-kreatives-schreiben thema-lesetexte thema-literaturunterricht thema-textverstaendnis thema-vertretungsstunden thema-wochenplan\"><p class=\"gb-text product-title gb-text-5df7e95f\">Schreibwerkstatt Astrid Lindgren &#8211; P12551<\/p>\n\n\n<div>\n\n<\/div>\n<\/div>\n\n<div class=\"gb-loop-item gb-loop-item-5a7b5b2c post-14679 produkt type-produkt status-publish has-post-thumbnail hentry artikelnummer-p12518 fach-deutsch fach-sonstiges klasse-klasse-1 klasse-klasse-2 klasse-klasse-3 klasse-klasse-4 klasse-klasse-5 klasse-klasse-6 schulform-grundschule schulform-sekundarstufe-i thema-auge-hand-koordination thema-feinmotorik thema-konzentration thema-koordination thema-motorik\"><p class=\"gb-text product-title gb-text-5df7e95f\">Das Auge-Hand-Koordinationstraining &#8211; P12518<\/p>\n\n\n<div>\n\n<\/div>\n<\/div>\n\n<div class=\"gb-loop-item gb-loop-item-5a7b5b2c post-14673 produkt type-produkt status-publish has-post-thumbnail hentry artikelnummer-p11652 fach-deutsch klasse-klasse-10 klasse-klasse-11 klasse-klasse-12 klasse-klasse-13 klasse-klasse-3 klasse-klasse-4 klasse-klasse-5 klasse-klasse-6 klasse-klasse-7 klasse-klasse-8 klasse-klasse-9 schulform-grundschule schulform-sekundarstufe-i schulform-sekundarstufe-ii thema-4-faelle thema-deutsch-als-zweitsprache thema-grundwortschatz thema-vorbereitungsklassen thema-wortbedeutung thema-wortschatzarbeit thema-wortschatzuebungen\"><p class=\"gb-text product-title gb-text-5df7e95f\">Deutsch als Zweitsprache in Vorbereitungsklassen \/ Band 5 &#8211; P11652<\/p>\n\n\n<div>\n\n<\/div>\n<\/div>\n\n<div class=\"gb-loop-item gb-loop-item-5a7b5b2c post-14631 produkt type-produkt status-publish has-post-thumbnail hentry artikelnummer-p17007 fach-deutsch klasse-klasse-10 klasse-klasse-5 klasse-klasse-6 klasse-klasse-7 klasse-klasse-8 klasse-klasse-9 schulform-sekundarstufe-i thema-lesefoerderung thema-lesekompetenz thema-lesetexte thema-lesetraining thema-leseverstaendnis thema-sinnerfassendes-lesen\"><p class=\"gb-text product-title gb-text-5df7e95f\">Komplettpaket* Der Leseprofi &#8211; Arbeitshefte Sekundarstufe &#8211; P17007<\/p>\n\n\n<div>\n\n<\/div>\n<\/div>\n\n<div class=\"gb-loop-item gb-loop-item-5a7b5b2c post-14629 produkt type-produkt status-publish has-post-thumbnail hentry artikelnummer-p17006 fach-deutsch klasse-klasse-10 klasse-klasse-5 klasse-klasse-6 klasse-klasse-7 klasse-klasse-8 klasse-klasse-9 schulform-sekundarstufe-i thema-lesefoerderung thema-lesekompetenz thema-lesetexte thema-lesetraining thema-leseverstaendnis thema-sinnerfassendes-lesen\"><p class=\"gb-text product-title gb-text-5df7e95f\">Komplettpaket* Der Leseprofi Sekundarstufe &#8211; P17006<\/p>\n\n\n<div>\n\n<\/div>\n<\/div>\n\n<div class=\"gb-loop-item gb-loop-item-5a7b5b2c post-13334 produkt type-produkt status-publish has-post-thumbnail hentry artikelnummer-p12410 fach-deutsch klasse-klasse-3 klasse-klasse-4 klasse-klasse-5 klasse-klasse-6 klasse-klasse-7 schulform-foerderschule schulform-grundschule schulform-sekundarstufe-i thema-alphabet thema-buchstaben thema-konzentration thema-legasthenie thema-lese-rechtschreib-schwaeche thema-lesen-lernen thema-lesetexte thema-lesetraining thema-sinnerfassendes-lesen\"><p class=\"gb-text product-title gb-text-5df7e95f\">Lesen lernen mit Ferdinand &#8211; P12410<\/p>\n\n\n<div>\n\n<\/div>\n<\/div>\n\n<div class=\"gb-loop-item gb-loop-item-5a7b5b2c post-13310 produkt type-produkt status-publish has-post-thumbnail hentry artikelnummer-p14175 fach-deutsch klasse-klasse-3 klasse-klasse-4 klasse-klasse-5 klasse-klasse-6 schulform-grundschule schulform-sekundarstufe-i thema-aufgaben-zum-buch thema-begleitmaterial thema-diktator thema-faschismus thema-fragen-zum-buch thema-freies-schreiben thema-geschichte thema-grammatik thema-nationalsozialisten thema-rechtschreibung thema-schullektuere thema-textarbeit\"><p class=\"gb-text product-title gb-text-5df7e95f\">Der \u00fcberaus starke Willibald &#8211; Literaturseiten &#8211; P14175<\/p>\n\n\n<div>\n\n<\/div>\n<\/div>\n<\/div><\/div>\n\n\n\n<div class=\"gb-element-c20b6a79\"><a class=\"gb-text button-primary gb-text-4ddc0548\" href=\"https:\/\/www.kohlverlag.de\/sekundarstufe\/?order=topseller&#038;p=1&#038;properties=5a8f7e8b21f146f4866d8da4fd13f8de%7C7af5a41b6b1a4610b89a06e0bc54fc55\">weitere Produkte im Shop<\/a><\/div>\n<\/div>\n<\/div>\n\n\n\n<div class=\"container-blog\"><h3 class=\"wp-block-heading\" id=\"praxiserprobte-materialien-fuer-ihren-unterricht\">Praxiserprobte Materialien f\u00fcr Ihren Unterricht<\/h3>\n\n\n<p>Die <strong>Arbeitsbl\u00e4tter des Kohl Verlags<\/strong> f\u00fcr Klasse 6 bieten Ihnen strukturierte \u00dcbungen zu allen relevanten Deutschthemen: von der Textanalyse \u00fcber Aufsatztraining bis hin zu gezielten Grammatik\u00fcbungen. Die Materialien sind <strong>lehrplankonform<\/strong>, differenziert aufbereitet und <strong>sofort einsetzbar<\/strong>. Sie erm\u00f6glichen es Ihnen, <em>ohne aufwendige Vorbereitung<\/em> einen abwechslungsreichen Unterricht zu gestalten und dabei unterschiedliche Leistungsniveaus zu ber\u00fccksichtigen.<\/p>\n\n\n\n<p><strong>Typische Themen in Klasse 6:<\/strong><\/p>\n\n\n\n<ul class=\"wp-block-list\">\n<li>Inhaltsangaben schreiben<\/li>\n\n\n\n<li>Gedichte analysieren und interpretieren<\/li>\n\n\n\n<li>Argumentieren und Stellung nehmen<\/li>\n\n\n\n<li>Aktiv und Passiv unterscheiden<\/li>\n\n\n\n<li>Satzgef\u00fcge und Satzreihen bilden<\/li>\n<\/ul>\n<\/div>\n","protected":false},"excerpt":{"rendered":"<p>In der sechsten Klasse vertiefen die Sch\u00fcler ihre sprachlichen F\u00e4higkeiten und erweitern ihr literarisches Verst\u00e4ndnis. Der Deutschunterricht fokussiert sich auf komplexere Textformen wie Erz\u00e4hlungen, Gedichte und Sachtexte, die analysiert und interpretiert werden. Beim Schreiben stehen argumentative Texte, Inhaltsangaben und Charakterisierungen im Vordergrund. Die Grammatik wird systematisch ausgebaut \u2013 von Aktiv und Passiv \u00fcber Konjunktiv bis &#8230; <a title=\"Deutsch in Klasse 6\" class=\"read-more\" href=\"https:\/\/www.kohlverlag.de\/themen\/deutsch\/klasse-6\/\" aria-label=\"Mehr Informationen \u00fcber Deutsch in Klasse 6\">Weiterlesen<\/a><\/p>\n","protected":false},"author":1,"featured_media":15267,"parent":374,"menu_order":0,"comment_status":"closed","ping_status":"closed","template":"","meta":{"_acf_changed":false,"footnotes":""},"artikelnummer":[],"autorenname":[],"fach":[16],"klasse":[9],"produktgruppe":[],"schulform":[],"thema":[],"elementvorlage":[7],"vorlage-hero":[4889],"class_list":{"0":"post-15482","1":"page","2":"type-page","3":"status-publish","4":"has-post-thumbnail","6":"fach-deutsch","7":"klasse-klasse-5","8":"elementvorlage-beitrag","9":"vorlage-hero-hero-standard"},"acf":[],"_links":{"self":[{"href":"https:\/\/www.kohlverlag.de\/themen\/wp-json\/wp\/v2\/pages\/15482","targetHints":{"allow":["GET"]}}],"collection":[{"href":"https:\/\/www.kohlverlag.de\/themen\/wp-json\/wp\/v2\/pages"}],"about":[{"href":"https:\/\/www.kohlverlag.de\/themen\/wp-json\/wp\/v2\/types\/page"}],"author":[{"embeddable":true,"href":"https:\/\/www.kohlverlag.de\/themen\/wp-json\/wp\/v2\/users\/1"}],"replies":[{"embeddable":true,"href":"https:\/\/www.kohlverlag.de\/themen\/wp-json\/wp\/v2\/comments?post=15482"}],"version-history":[{"count":2,"href":"https:\/\/www.kohlverlag.de\/themen\/wp-json\/wp\/v2\/pages\/15482\/revisions"}],"predecessor-version":[{"id":15484,"href":"https:\/\/www.kohlverlag.de\/themen\/wp-json\/wp\/v2\/pages\/15482\/revisions\/15484"}],"up":[{"embeddable":true,"href":"https:\/\/www.kohlverlag.de\/themen\/wp-json\/wp\/v2\/pages\/374"}],"wp:featuredmedia":[{"embeddable":true,"href":"https:\/\/www.kohlverlag.de\/themen\/wp-json\/wp\/v2\/media\/15267"}],"wp:attachment":[{"href":"https:\/\/www.kohlverlag.de\/themen\/wp-json\/wp\/v2\/media?parent=15482"}],"wp:term":[{"taxonomy":"artikelnummer","embeddable":true,"href":"https:\/\/www.kohlverlag.de\/themen\/wp-json\/wp\/v2\/artikelnummer?post=15482"},{"taxonomy":"autorenname","embeddable":true,"href":"https:\/\/www.kohlverlag.de\/themen\/wp-json\/wp\/v2\/autorenname?post=15482"},{"taxonomy":"fach","embeddable":true,"href":"https:\/\/www.kohlverlag.de\/themen\/wp-json\/wp\/v2\/fach?post=15482"},{"taxonomy":"klasse","embeddable":true,"href":"https:\/\/www.kohlverlag.de\/themen\/wp-json\/wp\/v2\/klasse?post=15482"},{"taxonomy":"produktgruppe","embeddable":true,"href":"https:\/\/www.kohlverlag.de\/themen\/wp-json\/wp\/v2\/produktgruppe?post=15482"},{"taxonomy":"schulform","embeddable":true,"href":"https:\/\/www.kohlverlag.de\/themen\/wp-json\/wp\/v2\/schulform?post=15482"},{"taxonomy":"thema","embeddable":true,"href":"https:\/\/www.kohlverlag.de\/themen\/wp-json\/wp\/v2\/thema?post=15482"},{"taxonomy":"elementvorlage","embeddable":true,"href":"https:\/\/www.kohlverlag.de\/themen\/wp-json\/wp\/v2\/elementvorlage?post=15482"},{"taxonomy":"vorlage-hero","embeddable":true,"href":"https:\/\/www.kohlverlag.de\/themen\/wp-json\/wp\/v2\/vorlage-hero?post=15482"}],"curies":[{"name":"wp","href":"https:\/\/api.w.org\/{rel}","templated":true}]}}